{"id":528,"date":"2018-03-08T14:38:38","date_gmt":"2018-03-08T13:38:38","guid":{"rendered":"http:\/\/twojakancelaria.co\/?page_id=528"},"modified":"2020-07-15T18:02:10","modified_gmt":"2020-07-15T16:02:10","slug":"pojazdy-z-sieci-dealerskiej","status":"publish","type":"page","link":"https:\/\/twojakancelaria.co\/index.php\/pojazdy-z-sieci-dealerskiej\/","title":{"rendered":"Pojazdy z sieci dealerskiej"},"content":{"rendered":"<p>W ramach wsp\u00f3\u0142pracy z najwi\u0119kszymi sieciami dealerskimi i brokerskimi jeste\u015bmy w stanie zaoferowa\u0107 korzystniejsze warunki zakupu i sfinansowania zakupu pojazd\u00f3w fabrycznie nowych odbieranych z salonu. Oferta dotyczy os\u00f3b fizycznych jak r\u00f3wnie\u017c firm i innych podmiot\u00f3w. W celu uzyskania informacji dot. wybranych konkretnych modeli pojazd\u00f3w prosimy o bezpo\u015bredni kontakt aby\u015bmy mogli przedstawi\u0107 ofert\u0119 przez <strong><a href=\"mailto:kontakt@twojakancelaria.co\">kontakt@twojakancelaria.co<\/a><\/strong> b\u0105d\u017a formularz kontaktowy z zak\u0142adce kontakt.<\/p>\n<p>Mo\u017cemy zaoferowa\u0107 ofert\u0105 ka\u017cdej marki pojazd\u00f3w! Oferujemy pojazdy w najni\u017cszych cenach jednocze\u015bnie zapewniaj\u0105c standard warunk\u00f3w jak w salonie. Przedstawiane samochody s\u0105 tymi samymi co oferowane w autoryzowanych sieciach dealerskich, z pe\u0142n\u0105 gwarancj\u0105 producenta. Pojazdy, kt\u00f3re oferujemy nie znajdyuj\u0105 si\u0119 u nas w salonie. Nie posiadamy konkretnych modeli. Organizujemy zakup tylko na \u017cyczenie Klienta. Nie mamy narzuconych limit\u00f3w, zatem\u00a0<strong>oferta na pojazd<\/strong>, jest dopasowana do jego oczekiwa\u0144, a nie do planu sprzeda\u017cowego.<\/p>\n<p>Nie\u00a0pobieramy \u017cadnej prowizji od klienta za nasz\u0105 us\u0142ug\u0119. Jeste\u015bmy w stanie wynegocjowa\u0107 najlepsz\u0105 mo\u017cliw\u0105 cen\u0119, kt\u00f3ra mo\u017ce by\u0107 nawet 45% ni\u017csza od pierwotnej.<\/p>\n<p>Mamy mo\u017cliwo\u015b\u0107 wynegocjowania korzystniejsze ceny na wymarzony samoch\u00f3d i pomagamy w ca\u0142ym procesie zakupu od zebraniu oczekiwa\u0144 do odbioru pojazdu w autoryzowanym punkcie dealerskim lub podstawiaj\u0105c auto pod dom wedle \u017cyczenia.<\/p>\n<p>Ni\u017csza cena jest spowodowana wyst\u0119powaniem r\u00f3\u017cnic cen na konkretne modele i marki w pa\u0144stwach UE. D\u0142ugoterminowe umowy z dostawcami zapewniaj\u0105 ceny, wliczaj\u0105ce najwy\u017csze upusty, niedost\u0119pne dla indywidualnych klient\u00f3w. Jednocze\u015bnie, jako po\u015brednik, zadowalamy si\u0119 znacznie ni\u017csz\u0105 mar\u017c\u0105 ni\u017c salon. Ponadto umo\u017cliwiamy zakup zar\u00f3wno modeli nowych jak i demo car, na cen\u0119 wp\u0142ywa tak\u017ce dost\u0119pno\u015b\u0107 w magazynie, spos\u00f3b finansowania oraz wielko\u015b\u0107 zam\u00f3wienia.<\/p>\n<h2 style=\"text-align: center;\"><span style=\"color: #0000ff;\"><strong>Standardowy proces zakupu<\/strong><\/span><\/h2>\n<ol>\n<li>Pierwszym krokiem jest wygenerowanie indywidualnej oferty, po wcze\u015bniejszej analizie potrzeb Klienta. Okre\u015blamy jakiego samochodu Klient poszukuje. Jakie b\u0119dzie jego przeznaczenie? Jakie wyposa\u017cenie jest oczekiwane?<\/li>\n<li>Na podstawie konfiguracji, zaprezentujemy dopasowane oferty. B\u0119d\u0105 to pojazdy w 100% pokrywaj\u0105ce si\u0119 b\u0105d\u017a mo\u017cliwie najbardziej zbli\u017cone do zleconej konfiguracji.<\/li>\n<li>Po zaakceptowaniu oferty przygotowujemy wszystkie niezb\u0119dne dokumenty, ustalamy spos\u00f3b finansowania, kt\u00f3ry jest zale\u017cny tylko od woli Klienta, zapewniaj\u0105c korzystne oferty leasingu i kredytu oraz termin i miejsce odbioru pojazdu.<\/li>\n<li>Procedura jest identyczna jak w autoryzowanym salonie. Dla pojazdu zamawianego do produkcji wymagana jest zaliczka w wysoko\u015bci 10%-20%, warto\u015bci brutto na podstawie faktury zaliczkowej. Autoryzowany dealer potwierdza termin dostawy pojazdu po otrzymaniu zaliczki. Zaliczka jest mo\u017ce by\u0107 rozliczona jako wp\u0142ata wst\u0119pna dla leasingu. W chwili gdy auto jest gotowe do odbioru dealer wystawia faktur\u0119 pro-forma na pozosta\u0142\u0105 warto\u015b\u0107 pojazdu (bez akcyzy i VAT). Klient lub firma leasingowa wp\u0142aca na konto autoryzowanego dealera.<\/li>\n<li>Odbi\u00f3r pojazdu ma miejsce jedynie u autoryzowanych dystrybutor\u00f3w poszczeg\u00f3lnych marek lub po dostawie pod dom na \u017cyczenie klienta. Pojazd posiada pe\u0142n\u0105 gwarancj\u0119 producenta, kt\u00f3ra rozpoczyna si\u0119 w dniu odbioru.<\/li>\n<\/ol>\n<h2 style=\"text-align: center;\"><span style=\"color: #0000ff;\"><strong>CO JEST NAJWA\u017bNIEJSZE?<\/strong><\/span><\/h2>\n<ul>\n<li>mo\u017cliwo\u015b\u0107 zakupu samochodu bez wychodzenia z domu z dostaw\u0105 pod dom<\/li>\n<li>ceny ni\u017csze nawet do 45% ni\u017c w salonach sieci autoryzowanych<\/li>\n<li>mo\u017cliwie najkr\u00f3tszy czas realizacji zam\u00f3wienia<\/li>\n<\/ul>\n","protected":false},"excerpt":{"rendered":"<p>W ramach wsp\u00f3\u0142pracy z najwi\u0119kszymi sieciami dealerskimi i brokerskimi jeste\u015bmy w stanie zaoferowa\u0107 korzystniejsze warunki zakupu i sfinansowania zakupu pojazd\u00f3w fabrycznie nowych odbieranych z salonu. Oferta dotyczy os\u00f3b fizycznych jak r\u00f3wnie\u017c firm i innych podmiot\u00f3w. W celu uzyskania informacji dot. wybranych konkretnych modeli pojazd\u00f3w prosimy o bezpo\u015bredni kontakt aby\u015bmy mogli przedstawi\u0107 ofert\u0119 przez kontakt@twojakancelaria.co b\u0105d\u017a &#8230; <a href=\"https:\/\/twojakancelaria.co\/index.php\/pojazdy-z-sieci-dealerskiej\/\" class=\"more-link text-uppercase small\"><strong>Continue Reading<\/strong> <i class=\"fa fa-angle-double-right\" aria-hidden=\"true\"><\/i><\/a><\/p>\n","protected":false},"author":1,"featured_media":0,"parent":0,"menu_order":0,"comment_status":"closed","ping_status":"closed","template":"template_fullwidth.php","meta":{"footnotes":""},"class_list":["post-528","page","type-page","status-publish","hentry"],"_links":{"self":[{"href":"https:\/\/twojakancelaria.co\/index.php\/wp-json\/wp\/v2\/pages\/528","targetHints":{"allow":["GET"]}}],"collection":[{"href":"https:\/\/twojakancelaria.co\/index.php\/wp-json\/wp\/v2\/pages"}],"about":[{"href":"https:\/\/twojakancelaria.co\/index.php\/wp-json\/wp\/v2\/types\/page"}],"author":[{"embeddable":true,"href":"https:\/\/twojakancelaria.co\/index.php\/wp-json\/wp\/v2\/users\/1"}],"replies":[{"embeddable":true,"href":"https:\/\/twojakancelaria.co\/index.php\/wp-json\/wp\/v2\/comments?post=528"}],"version-history":[{"count":30,"href":"https:\/\/twojakancelaria.co\/index.php\/wp-json\/wp\/v2\/pages\/528\/revisions"}],"predecessor-version":[{"id":717,"href":"https:\/\/twojakancelaria.co\/index.php\/wp-json\/wp\/v2\/pages\/528\/revisions\/717"}],"wp:attachment":[{"href":"https:\/\/twojakancelaria.co\/index.php\/wp-json\/wp\/v2\/media?parent=528"}],"curies":[{"name":"wp","href":"https:\/\/api.w.org\/{rel}","templated":true}]}}